on divisor of 3345 and 180?
15
Calculate the greatest common divisor of 70 and 39700.
10
Calculate the highest common factor of 91 and 2841293.
91
What is the greatest common factor of 143371 and 922?
461
What is the greatest common factor of 315422 and 1104?
46
Calculate the greatest common divisor of 75 and 1523325.
75
Calculate the greatest common divisor of 189960 and 20.
20
What is the greatest common divisor of 80490 and 10?
10
Calculate the highest common divisor of 684003 and 82.
41
Calculate the greatest common factor of 9009 and 4823.
91
What is the highest common factor of 1232 and 146916?
308
Calculate the greatest common divisor of 42 and 17241.
21
What is the greatest common divisor of 507 and 49179?
507
Calculate the highest common divisor of 44 and 469194.
22
What is the greatest common factor of 26092 and 44?
44
Calculate the greatest common factor of 13 and 535119.
13
What is the greatest common divisor of 61 and 1396229?
61
Calculate the greatest common factor of 648 and 2826.
18
Calculate the highest common divisor of 166310 and 10.
10
What is the greatest common factor of 13225 and 92?
23
Calculate the greatest common divisor of 142851 and 3.
3
What is the greatest common divisor of 204737 and 221?
13
What is the highest common divisor of 23 and 6233?
23
What is the highest common divisor of 600 and 37320?
120
Calculate the highest common divisor of 849558 and 96.
6
What is the highest common factor of 2173 and 1353?
41
What is the highest common factor of 37746 and 9?
9
What is the greatest common factor of 387 and 86172?
129
Calculate the highest common factor of 195562 and 1412.
706
What is the greatest common factor of 220 and 127030?
10
What is the greatest common divisor of 11485 and 25?
5
What is the greatest common divisor of 150120 and 144?
72
Calculate the highest common factor of 140 and 172820.
20
Calculate the highest common factor of 437969 and 37.
37
Calculate the highest common divisor of 2112 and 288.
96
Calculate the highest common factor of 20698 and 1896.
158
What is the greatest common divisor of 1297 and 6?
1
Calculate the greatest common divisor of 4108 and 160844.
316
Calculate the highest common divisor of 132441 and 35385.
1011
Calculate the greatest common factor of 599 and 613975.
599
Calculate the greatest common divisor of 5740372 and 3688.
1844
Calculate the greatest common divisor of 5298 and 78.
6
Calculate the highest common divisor of 204904 and 70.
14
Calculate the greatest common factor of 596 and 292.
4
What is the highest common divisor of 72 and 46980?
36
What is the highest common divisor of 182001 and 1488?
93
Calculate the highest common factor of 58240 and 1890.
70
What is the greatest common factor of 331878 and 96?
6
Calculate the highest common divisor of 22008 and 21.
21
What is the greatest common divisor of 14 and 398377?
7
What is the greatest common factor of 1036 and 3005954?
518
Calculate the highest common factor of 85 and 27440.
5
Calculate the greatest common divisor of 112 and 101500.
28
What is the greatest common divisor of 990 and 123156?
198
Calculate the greatest common divisor of 3302 and 520.
26
Calculate the highest common factor of 340 and 576215.
85
What is the greatest common factor of 558680 and 40?
40
Calculate the highest common factor of 316 and 43.
1
Calculate the greatest common divisor of 29232 and 1296.
144
What is the highest common divisor of 38 and 38399?
19
What is the highest common divisor of 36 and 32?
4
Calculate the highest common divisor of 62 and 132773.
31
Calculate the highest common divisor of 496 and 135284.
124
Calculate the highest common divisor of 844 and 247081.
211
Calculate the greatest common divisor of 441353 and 11.
11
What is the highest common factor of 16849 and 13778?
83
What is the greatest common factor of 187191 and 729?
81
Calculate the greatest common divisor of 1424 and 166992.
16
What is the highest common factor of 195 and 28935?
15
Calculate the greatest common factor of 1176980 and 1960.
980
What is the greatest common factor of 115 and 69276?
23
What is the highest common factor of 24272 and 2960?
592
What is the greatest common divisor of 100 and 4325?
25
Calculate the highest common divisor of 197 and 86877.
197
What is the highest common divisor of 81 and 60183?
81
What is the highest common factor of 16904 and 40?
8
What is the highest common divisor of 4773 and 146802?
129
What is the greatest common factor of 1388 and 236?
4
What is the greatest common factor of 225 and 14800?
25
What is the greatest common factor of 471 and 39?
3
What is the greatest common factor of 20 and 94610?
10
What is the greatest common factor of 50 and 1256840?
10
What is the highest common factor of 32 and 31312?
16
Calculate the greatest common divisor of 14928 and 144.
48
Calculate the greatest common divisor of 516 and 54567.
129
Calculate the highest common divisor of 1344 and 1316.
28
Calculate the highest common divisor of 12 and 1306398.
6
What is the greatest common divisor of 99 and 6908?
11
What is the greatest common factor of 55575 and 1900?
475
What is the greatest common factor of 88 and 28952?
88
What is the highest common factor of 907 and 2?
1
What is the highest common factor of 18475 and 753041?
739
Calculate the greatest common divisor of 23280 and 780.
60
What is the highest common factor of 545748 and 2628?
876
What is the greatest common divisor of 299610 and 1485?
45
Calculate the highest common divisor of 31104 and 12150.
486
What is the highest common factor of 150 and 453930?
30
Calculate the highest common factor of 84812 and 56.
28
What is the highest common factor of 165 and 666300?
15
What is the highest common divisor of 817063 and 13?
13
What is the highest common factor of 198 and 39930?
66
Calculate the greatest common factor of 11 and 332651.
11
What is the highest common factor of 13120 and 12710?
410
What is the greatest common factor of 26 and 2334722?
26
Calculate the highest common factor of 99 and 97425.
9
Calculate the greatest common divisor of 63 and 227241.
63
Calculate the highest common factor of 182 and 174874.
14
Calculate the highest common divisor of 31428 and 119601.
873
What is the greatest common factor of 52 and 31694?
26
Calculate the highest common divisor of 99 and 12199.
11
Calculate the greatest common factor of 57508 and 44.
44
What is the highest common factor of 9 and 180909?
9
What is the greatest common factor of 55 and 697565?
55
Calculate the greatest common factor of 57626 and 4.
2
Calculate the greatest common divisor of 3489937 and 33.
11
Calculate the highest common divisor of 19552193 and 1207.
1207
What is the highest common factor of 2331 and 10619?
259
What is the highest common divisor of 57069 and 135?
9
Calculate the greatest common divisor of 2184 and 4955496.
2184
What is the highest common factor of 117 and 5994?
9
What is the greatest common factor of 649 and 1829?
59
What is the greatest common divisor of 1648 and 784?
16
Calculate the greatest common divisor of 584953 and 19.
19
What is the greatest common divisor of 3710 and 35298?
106
Calculate the greatest common factor of 15968 and 24950.
998
Calculate the greatest common factor of 574 and 219842.
574
What is the greatest common factor of 7266 and 70?
14
Calculate the highest common factor of 1017 and 40228.
113
What is the highest common factor of 40 and 745540?
20
Calculate the greatest common divisor of 72 and 182724.
12
What is the highest common divisor of 701106 and 84?
42
Calculate the highest common factor of 522896 and 5632.
176
Calculate the greatest common divisor of 1566 and 157441.
29
What is the greatest common divisor of 12292 and 112384?
1756
What is the greatest common factor of 315 and 27468?
63
What is the highest common factor of 875 and 50?
25
Calculate the highest common divisor of 474 and 3634.
158
What is the highest common factor of 794484 and 1566?
522
Calculate the greatest common divisor of 5393 and 20.
1
Calculate the greatest common divisor of 738 and 28208.
82
What is the highest common factor of 534122 and 29?
29
What is the greatest common divisor of 80 and 5020?
20
Calculate the greatest common factor of 110745 and 102720.
1605
What is the highest c